6. Let f(o) = -2*g(o) - 11*x(o). What is f(7)?
-1
Let j(i) be the first derivative of -i**4/4 - 4*i**3/3 + 7*i**2/2 + 4*i - 14. Suppose -4*v - 10 = 2*s, 4*v + s = -2*s - 5. What is j(v)?
-6
Suppose 3*u + 3*f = 5*f - 4, 3*u + 9 = 3*f. Suppose -u*m + 0*m - 6 = 0. Let t(s) be the second derivative of -s**3/6 - s**2 - 5*s. Give t(m).
1
Let s(x) = -3*x - 1. Let g = -10 - 0. Let w = 13 + g. Determine s(w).
-10
Let v(s) = -s. Let q(t) = -2*t - 28. Let k(j) = -2. Let i(d) = 28*k(d) - 2*q(d). Let w(u) = -3*i(u) - 3*v(u). Give w(1).
-9
Let c = -25 - -5. Let s = 14 + c. Let p(z) = z + 13. Calculate p(s).
7
Let o(f) = -7*f**2 - 7*f - 3. Let c(s) = -6*s**2 - 5*s - 2. Let h(x) = 6*c(x) - 5*o(x). Give h(6).
-3
Let t be 2/8 + 69/12. Let n(i) = 4*i - 7. Let l(o) = 3*o - 6. Let b(p) = t*l(p) - 5*n(p). Determine b(-3).
5
Let r(i) = -i**3 + 7*i**2 - 6*i + 3. Let g(b) = -b**2 + b - 1. Let n(h) = -3*g(h) - r(h). Give n(4).
12
Let n(m) = -2*m - 3. Let l(u) = u + 1. Let k(i) = 15*l(i) + 6*n(i). Calculate k(3).
6
Let u(p) = p. Suppose s - 18 = -2*s. Let a be u(s). Suppose 3*j = y + 2*j + 6, -4*y = 5*j + a. Let i(d) = d**2 + 3*d - 2. Determine i(y).
2
Let q(j) = 11*j + j**2 - 6*j + 2*j + 6. Let a be 30/3*(-2)/(-5). Suppose -3*f - 6 - 9 = 5*i, 0 = 5*i - a*f + 50. Calculate q(i).
0
Let z(k) be the first derivative of k**4/4 + 4*k**3/3 + 3*k**2/2 + 3*k + 5. What is z(-3)?
3
Let z(y) = -3*y**2 - 17*y - 20. Let m(h) = 2*h**2 + 11*h + 13. Let t(s) = -8*m(s) - 5*z(s). Let r(u) = -4*u**2 + 2*u - 1. Let d be r(1). Determine t(d).
-4
Let y(k) = -4*k + 1. Let i = -68 + 70. Give y(i).
-7
Let n(r) = -r**2 - r + 6. Let y be n(0). Let w(l) = l**3 - 7*l**2 + 7*l + 8. Determine w(y).
14
Let d(i) = -i + 1. Let s be d(-1). Let m(a) be the third derivative of 1/120*a**6 + 0*a + a**3 - 1/3*a**4 + 0 + s*a**2 - 1/12*a**5. Calculate m(6).
-6
Let x(y) = 3*y**3 + 1 - 6 - 2*y**3 + 6*y**2 + 4*y - y. Suppose -6 = a - 1. Calculate x(a).
5
Let b be (-5)/20*-4 - -2. Let p(r) = r + 4. Calculate p(b).
7
Let h = 13 - 7. Let d(c) = -3 - 1243*c + 0*c**3 + c**3 + 1244*c - 4 - 6*c**2. What is d(h)?
-1
Suppose -5*d + 2*d + 18 = 0. Let h(q) = -q**3 + 7*q**2 - 6*q + 4. Determine h(d).
4
Let w(q) = -3*q**2 + 2*q + 3. Suppose 5*x + 8 = 9*x. Suppose 17 = -2*h + x*c + 3, 4*h - 5*c + 33 = 0. Calculate w(h).
-13
Suppose -3*r + 22 = 4*q - 7, 3*q - 15 = 0. Let o(z) = z + 13*z**2 + z - 14*z**2 + r. Give o(4).
-5
Let o(w) = 3*w + 2. Suppose 5*a + 39 = 4. Let g be a + 6 - (-3)/1. Calculate o(g).
8
Let i(z) = 17*z + 17. Let q(b) = -8*b - 8. Let d(o) = 6*i(o) + 13*q(o). Give d(3).
-8
Let m(p) = -p**2 + 10*p - 8. Let t be m(7). Suppose 4*n = l + 17, 8*l + t = 3*l + 2*n. Let i(v) = v. Calculate i(l).
-1
Let w(a) = a**2 - 5*a. Suppose -6 = 3*h - 4*h + m, 0 = 5*h - 3*m - 26. Calculate w(h).
-4
Let m be (-1 - 1 - -3) + -4. Let n(q) be the second derivative of -q**3/3 - 2*q**2 + 89*q. Determine n(m).
2
Let h(i) = 3 + 2 - 4 - i + 2. Determine h(-3).
6
Let h = 13 + -10. Let b(u) = -2 + u + h*u + u**2 + u. Determine b(-6).
4
Suppose 7*v - 4*v = 12. Let h(m) be the first derivative of -m**3/3 + m**2 + 4*m + 35. Give h(v).
-4
Suppose -9 = 2*g + g + 3*q, -3*g + 21 = -3*q. Let r(w) = w**2 - 2*w. Determine r(g).
0
Let o(n) be the first derivative of n**3 - 3*n**2/2 + 3*n - 1. Let i be (-11 - -1)*(-1)/2. Suppose 1 = -i*g + 11. Determine o(g).
9
Let z = 23 - 17. Let l(g) = -g**2 + 7*g - 9. Determine l(z).
-3
Let d(h) = -h**2 + h - 4. Suppose -1 = -s - 4. Let g be (-1)/s + 5/(-15). Give d(g).
-4
Let r(x) be the third derivative of -x**6/120 - x**5/60 + 4*x**2. Determine r(-1).
0
Let o(p) = -3 + 3 - 2 + p**2. Give o(-2).
2
Let r(b) be the second derivative of 1/6*b**3 + 2*b + b**2 + 0. Suppose -2*o = 3*y, 0*y - y = -o. What is r(o)?
2
Let l(f) be the third derivative of f**4/24 - 4*f**3/3 - 2*f**2. Let t be l(13). Let v(a) = a**3 - 4*a**2 - 5*a + 4. Give v(t).
4
Let a be 2 + 65/(-7) - (-4)/14. Let d(w) = -w**2 - 8*w - 5. What is d(a)?
2
Let s(i) = -i**3 + 7*i**2 - i + 9. Suppose 10 = 3*l + 4. Suppose -k + 10 = l*x - 3, -12 = -4*x. Let g be s(k). Let v(c) = -c**3 + c**2 + c + 2. Calculate v(g).
0
Let a be 1/(-2)*(-10)/5. Let j(i) = -a - 2*i - 2*i + 2 + 8*i. What is j(-1)?
-3
Let d(m) = 2*m - 4. Let t be d(0). Let l(k) = k**3 + 4*k**2 + 2*k + 1. What is l(t)?
-7
Let x(p) = -p**3 - 11*p**2 - 8*p - 7. Let m(b) = b**3 + 10*b**2 + 8*b + 7. Let v(d) = 5*m(d) + 4*x(d). Let n(q) = q + 3. Let w be n(-8). Give v(w).
-8
Let w(n) be the third derivative of 2*n**2 + 0*n + 0 + 1/60*n**5 + 1/3*n**3 + 0*n**4. What is w(3)?
11
Let r(z) = 3*z**2 - 2*z + 1. Let x be r(1). Suppose 1 = -h - x. Let q(t) = 0*t**2 + 4*t**2 - 3*t**2 + t. Determine q(h).
6
Let q(b) = 7*b - 11. Let a(w) = 3*w - 6. Let u(c) = -5*a(c) + 2*q(c). Determine u(10).
-2
Let r(j) = -j + 11. Let v(p) = 2*p + 22. Let d be v(-7). Calculate r(d).
3
Let g(q) = q**2 + 5*q + 6. Let a = -84 - -78. What is g(a)?
12
Let j(c) = -2*c - 3. Let h(x) be the second derivative of -x**3/3 + 3*x**2/2 + x. Let b = 23 + -20. Let w be h(b). What is j(w)?
3
Let q(m) be the second derivative of m**3/6 - m**2/2 - 5*m. Determine q(5).
4
Let w = -5 - -6. Suppose 3 = g - 4*p + 4, w = p. Suppose g = -x - 1. Let j(n) = n**2 + 5*n - 1. Give j(x).
-5
Let v(q) = q**3 - 12*q**2 + q - 2. Let a be v(12). Suppose 3*c - 3*k = 21, a = 3*c - 5*k - 17. Let s(t) = t + 1. Give s(c).
5
Let q = 0 + 1. Let g(n) be the third derivative of n**4/8 - 23*n**2. Give g(q).
3
Let t(v) = v**2 - v. Let r(l) = -l**2 - 8*l + 10. Let q be r(-9). Determine t(q).
0
Let u(s) be the third derivative of -s**6/30 - s**4/12 - s**3/6 + 2*s**2. Calculate u(-1).
5
Suppose -q - 1 = -0*q + p, -2*p = -5*q + 23. Let m be 2 + 1 + -1 - -2. Suppose q*z + m*a + 5 = 0, -1 = -3*a + 2. Let l(y) = -y**2 - 4*y + 1. Determine l(z).
4
Let i be (-2)/((-12)/10*5/(-9)). Let f(c) = c**3 + 2*c**2 + 3*c + 3. Calculate f(i).
-15
Suppose 5*o = -15, 2*s = -s - o + 6. Let l(x) = 3*x - x + 3 - 3*x + s*x. What is l(-4)?
-5
Let h(q) = -7*q + 8. Let z(g) = 13*g - 15. Let t(w) = -11*h(w) - 6*z(w). Determine t(5).
-3
Let w be (-9*23)/(-3) - -1. Suppose 2*u - w = -3*u. Let l = u - 9. Let q(x) = x**2 - 5*x - 6. What is q(l)?
-6
Let t(k) = -7*k + 6. Let d(x) = -13*x + 11. Let w(m) = -3*d(m) + 5*t(m). Let j(v) = -2*v**3 - v**2 + v - 1. Let s be j(-2). Suppose s = 4*z + 1. Determine w(z).
5
Let c(s) be the first derivative of 1/6*s**3 - 1/24*s**4 - 1/24*s**6 + 0*s - 3 + 0*s**5 + 1/2*s**2. Let m(l) be the second derivative of c(l). Calculate m(1).
-5
Let o(u) = -5*u + 17. Let j(t) = 2*t - 8. Let i(v) = 7*j(v) + 3*o(v). Let h be i(-5). Let a(k) = -k + 0*k - 8 + 0*k. What is a(h)?
-8
Let x be (0 - 3 - 0)*2. Let d(w) = w**3 + 5*w**2 - 7*w. What is d(x)?
6
Let p(w) = 3*w**2 - 7. Let x(f) be the third derivative of -f**5/15 - f**4/24 + 4*f**3/3 - 5*f**2. Let m(j) = 3*p(j) + 2*x(j). What is m(4)?
3
Let s(l) = -l**2 + 2*l. Suppose -5 = -4*h + 15. Give s(h).
-15
Let g be (4/(-10))/((-1)/(-5)). Let y(p) = p + 9. Let b(s) = -2. Let v(m) = -5*b(m) - y(m). What is v(g)?
3
Let n(c) be the third derivative of 0*c + 1/8*c**4 + 0 + 5/6*c**3 - 2*c**2. What is n(-6)?
-13
Let l(k) = k**3 + 9*k**2 + 8*k + 5. Let n be l(-8). Let q(z) = 3 + z - z + n*z - 3*z. Determine q(-3).
-3
Let j(y) = y**2 - 11*y - 5. Suppose -43 = -10*m + 77. What is j(m)?
7
Let t(u) = -u**2 + 4*u + 2. Suppose 1 = -4*k + 3*k. Let d(b) = -32*b + 1. Let a be d(k). Let f be a/7 + (-2)/(-7). Calculate t(f).
-3
Suppose s = 3*v - s - 3, 4*s - 9 = v. Let f(b) be the first derivative of -1/4*b**4 - 3/2*b**2 - 3*b - 4/3*b**v - 1. Determine f(-4).
9
Let i = -3 + 5. Let v(z) = -z**3 + z. Determine v(i).
-6
Let c be -8*(-1 + 6/8). Let o(q) = -q - 1. Determine o(c).
-3
Let o(n) = -n**2 - 4*n + 7. Suppose -5 - 1 = -2*k, 0 = -2*h - 2*k - 4. What is o(h)?
2
Let s(l) = -2*l. Let h(t) = -t. Let q(j) = 3*j. Let b(p) = -17*h(p) - 6*q(p). Let v(i) = -5*b(i) + 3*s(i). Give v(-3).
3
Let w(y) = 3*y**3. Suppose -3*s + 5*s - 18 = 0. Let t = -5 + s. Let g = t - 3. What is w(g)?
3
Let i(t) = 6*t - 3*t + 2 - 2*t. Let f(h) = h - 14. Let s be f(8). Let a be 27/5 + s/15. What is i(a)?
7
Let y(z) = -3*z - 1. Let c(d) = 2*d + 1. Let k(s) = 2*c(s) + 3*y(s). Let b be (1 - -2)*1/3. Give k(b).
-6
Let o(w) = w**3 + 6*w**2 - 9*w - 11. Let n be o(-7). Let u(x) = 1 + x**3 - 2*x**n -